*2 - 12*b - 14. Let t be m(-9). Suppose -h + 3*n = h - 118, -126 = -2*h + n. Calculate the greatest common divisor of h and t.
13
Suppose 44 + 2 = 4*m - 5*w, m - 4*w - 17 = 0. Calculate the highest common divisor of m and 81.
9
Suppose -5 = -j + 5*o + 37, 0 = -5*j - 3*o + 210. Suppose -440 = -5*c + 2*y, -j - 46 = -c - 5*y. Let t = c - -32. What is the highest common factor of t and 24?
24
Let v = 70 + -61. Let b = -21 - -30. What is the highest common divisor of b and v?
9
Let t be (-2 - -4)*(-3)/(-2). Suppose -9 = 3*y - t*z, -z + 2 = 2*y + 8. Let n = 15 + y. What is the highest common divisor of n and 12?
12
Suppose -q = -5*m - 33, 2*q + 37 = -5*m + q. Let v = m + 11. Suppose v*y + 86 = 310. Calculate the greatest common divisor of 8 and y.
8
Let c be (96/(-18))/(4/(-6)). Calculate the highest common divisor of 16 and c.
8
Suppose -4 = -3*d - d. What is the greatest common factor of d and 4?
1
Let i = 19 + -11. Let p = 4 - i. Let j = p + 40. What is the greatest common divisor of 9 and j?
9
Let n(r) = -r**3 + 5*r**2 + 7*r - 5. Let l = -4 - -10. Let q be n(l). Calculate the greatest common divisor of q and 4.
1
Let t be 2*-8*1/(-2). Let p = 83 - 27. What is the highest common divisor of t and p?
8
Suppose -19*k = -14*k - 10. Let i be (1/1)/((-1)/(-5)). Suppose 6*y = 3*y - k*q + 5, i*y = -3*q + 8. What is the highest common factor of y and 11?
1
Suppose 2*m = 5 + 7. Suppose m*c = 4*c + 12. What is the greatest common divisor of c and 15?
3
Let r(k) = 2*k**3 + 4*k**2 + 3*k + 2. Let x be r(-2). Let c(j) = 3*j**2 + 3*j - 3. Let i be c(x). What is the highest common divisor of 3 and i?
3
Suppose 5*w + 27 = -i + 9, 0 = 4*w + 16. What is the highest common divisor of 18 and i?
2
Let l(b) be the first derivative of -3*b**4/4 - b**2/2 - b + 2. Let x be l(-1). Let o be (9 + 0)*(-2)/(-3). Calculate the greatest common divisor of o and x.
3
Let a(h) = -h. Let n be a(0). Suppose n = -2*z - 3*z + 520. What is the highest common divisor of 13 and z?
13
Suppose 0 = 5*y + 2 - 7. Suppose 16 = -3*z - 14. Let n be (-28)/z + 1/5. What is the greatest common factor of n and y?
1
Suppose -2 = 3*l + 1. Let d be (-50)/(-8) + l/4. Let p = -21 - -51. Calculate the greatest common divisor of d and p.
6
Suppose 0 = -4*d - 12, 5*n - 2*d - 3*d - 65 = 0. Calculate the greatest common factor of 10 and n.
10
Suppose -x = -2*o + 25, 0*x = 3*x - 3. Let s = 167 + -89. What is the greatest common factor of o and s?
13
Suppose 3*r - 516 = -r - 2*c, r = -5*c + 129. Suppose 207 = 4*g - r. Calculate the greatest common divisor of g and 21.
21
Let r be (-1 + 6/(-2))/(-2). Suppose 0 = -4*a - 3*k + 56, -r*k - 28 = -2*a - k. Calculate the highest common factor of a and 35.
7
Let c be (-6 - -3)/(3/(-27)*1). What is the highest common factor of c and 3?
3
Suppose -2*j + 22 = -4*r, 4*r + 110 = 5*j + 5*r. Calculate the greatest common divisor of j and 147.
21
Let c(x) = 14*x - 16. Let i be c(5). Let d be 0 + 37/1 - 1. Suppose 0 = -w - 0*w + d. Calculate the greatest common factor of i and w.
18
Suppose 0 = 2*g + 62 - 230. Let k(f) = f**3 + 5*f**2 + 3*f + 3. Let x be k(-3). What is the highest common divisor of x and g?
12
Suppose -2*q = 4*z - 5*z - 73, 196 = 5*q + 2*z. What is the highest common factor of 304 and q?
38
Let b be 4*((-23)/(-4) + -4). Suppose -4*r + 129 + 199 = 2*g, -5 = 5*r. Suppose 5*l - 114 = g. What is the greatest common factor of l and b?
7
Let m(y) = -14*y - 21. Let q be m(-7). Calculate the greatest common divisor of q and 11.
11
Let m(d) = d**3 - 13*d**2 - 14*d + 15. Let x be m(14). Calculate the greatest common factor of 45 and x.
15
Let d(p) = p**2 + 5*p - 3. Let y be d(-4). Let j(v) = -2*v - 8. Let w be j(y). What is the greatest common factor of 48 and w?
6
Suppose -q + 2*q = 4. Suppose 4*d - 9 = d. Suppose -d*g = 4*h + 7, 0*h + 3*h - 4*g - 26 = 0. Calculate the greatest common divisor of q and h.
2
Suppose g - 1 - 5 = 0. Let v = 3 + 2. Suppose x + x = -g, 59 = 4*c - v*x. What is the greatest common divisor of c and 11?
11
Suppose -6*y + 11*y = 300. What is the greatest common divisor of 30 and y?
30
Let p be 45 + (-3)/9*-9. What is the highest common factor of 72 and p?
24
Let g(w) = 2*w**2 + 41*w - 9. Let p be g(-21). Calculate the highest common factor of p and 48.
12
Suppose 4*c = 5*r + 8*c - 94, 3*r + 5*c - 59 = 0. Calculate the greatest common divisor of r and 27.
9
Let q(m) = m**3 + m**2 + m + 33. Let f be q(0). Calculate the highest common factor of 33 and f.
33
Suppose 0 = -0*q + 3*q. Let t be q/(-3) + 0/(-2). Suppose t = d + 7 - 25. What is the highest common factor of 6 and d?
6
Suppose -5*y = a + 17, 5*a - 2*y - 47 - 3 = 0. Calculate the highest common divisor of a and 32.
8
Suppose 2*v = 3*i - v - 270, 10 = -5*v. Let u be ((-11)/(-4))/(2/40). Suppose s = 6*s - u. Calculate the greatest common divisor of i and s.
11
Let b be 1*((-1)/1 - -6). Let l be (-5 - 3)*(-1)/2. Let k be l/18 + 403/9. Calculate the greatest common factor of b and k.
5
Let i = -31 + 112. Let j be 110/4 - (-3 - 7/(-2)). Calculate the highest common factor of i and j.
27
Let s = 24 - 16. Let u(g) = g**2 - 8*g + 5. Let p be u(s). Let c(n) = n**3 - 4*n**2 - 3*n + 5. Let r be c(p). What is the greatest common divisor of r and 15?
15
Let o = -63 + 119. Let d be 3/(-9) + 40/3. Let n = -6 + d. What is the greatest common divisor of n and o?
7
Suppose 201 = f - 4*f. Let s = 107 + f. Suppose -9 = -2*b + 3*t + 13, 5*b - 44 = 2*t. What is the greatest common factor of b and s?
8
Let q = 9 - 5. Suppose -3*n = -2*n - q. Let r(j) = j + 8. Let k be r(-4). Calculate the highest common factor of n and k.
4
Let j = -7 - -1. Let d = -7 - j. Let n be (-2 - d)*1*-160. Calculate the highest common divisor of n and 20.
20
Let m = -9 - -14. Suppose -v + m*v - 16 = 0. Suppose -v*r + 31 = 7. What is the highest common factor of r and 54?
6
Let r be (18/8)/((-3)/(-40)). Let j = r + 22. Calculate the greatest common factor of 13 and j.
13
Suppose 0 = -5*c + z + 102, 5*z + 16 = c - 14. What is the greatest common divisor of c and 20?
20
Let h(k) = -k**3 - 2*k**2 + 3*k + 3. Let m be h(-3). Suppose -o - 27 = -6*o - 4*f, -m*f + 18 = 3*o. Calculate the highest common factor of 9 and o.
3
Let i be 2*724 - (-3 + 3). Suppose -5*d + i - 288 = 0. What is the greatest common factor of 29 and d?
29
Let o be (-2)/3 + 575/75. Calculate the greatest common divisor of 42 and o.
7
Let p = -7 + 11. Calculate the greatest common divisor of p and 8.
4
Let g(s) = -s**3 + s**2 + s. Let r be g(1). Let b be (r - -1) + 0/(-2). Let y = -32 + 38. What is the highest common divisor of y and b?
2
Suppose 3*t - 69 = 3. Calculate the greatest common divisor of 12 and t.
12
Let d be 3/1*112/48. Let t(f) = f**3 - 7*f**2 - 7*f. Let q be t(5). Let m be q/(-2) - (-1)/(-2). Calculate the greatest common factor of m and d.
7
Let w = -135 - -300. What is the highest common divisor of w and 15?
15
Let u(t) = 5*t - 1. Let j be u(1). Suppose j*d + d + 2*h - 6 = 0, 3*h = -3*d. Let l be 6/(-9) + 68/3. What is the greatest common divisor of l and d?
2
Let m(n) = -n**3 + 12*n**2 + 19*n - 2. Let q be m(13). What is the highest common divisor of q and 38?
38
Let q(w) = -5*w - 1. Let k be q(-1). Let v(c) = 17*c**2 + c. Let r be v(-1). What is the highest common factor of k and r?
4
Let j be -4*3/(-12)*5. Suppose -24 - 46 = -t + j*y, -238 = -3*t + y. Calculate the greatest common factor of 20 and t.
20
Let r be 4/((-8)/3)*-14. Let a = 0 + 5. Suppose -4*n = 5*s - 3 - 45, -a*n - 2*s + 43 = 0. What is the highest common factor of r and n?
7
Let x be (42/(-9))/((-4)/66). Suppose -2*g = g - 162. Suppose g = 4*o + 10. Calculate the highest common divisor of o and x.
11
Suppose w + 2*v - 196 = -2*v, 4*w + 2*v - 728 = 0. What is the greatest common divisor of 36 and w?
36
Let w = -144 + 145. Calculate the highest common factor of w and 2.
1
Suppose -11 = -3*p - u, 0*u = -2*p + u - 1. Calculate the highest common factor of p and 14.
2
Let w(b) = -2*b**3 - 4*b**2 - 3*b - 2. Let j be w(-2). Suppose -2*f + 16 = -j. Calculate the greatest common factor of 30 and f.
10
Let w = 17 - 16. Suppose 3*v + 0*v = 3. What is the highest common divisor of v and w?
1
Suppose -4*c + 60 = -c - 5*k, 0 = -4*c + k + 80. Calculate the highest common divisor of 60 and c.
20
Let d(j) = -2